) in base 16?
29567
What is 364177 (base 11) in base 8?
2146020
What is 7182781 (base 9) in base 5?
1440134342
Convert -2315112 (base 6) to base 7.
-1004054
Convert -10487c (base 13) to base 14.
-9d088
Convert -147477 (base 12) to base 15.
-6c144
-232132333331 (base 4) to base 11
-6973246
-c098 (base 15) to base 8
-117303
What is -2a6964 (base 14) in base 13?
-3c9a3b
Convert 23511 (base 7) to base 10.
6084
What is 125626 (base 11) in base 14?
520c6
1c054 (base 14) to base 16
116fa
Convert -7482120 (base 10) to base 5.
-3403411440
What is -23442301 (base 5) in base 6?
-4403203
Convert 124e9 (base 15) to base 7.
332352
-2249520 (base 12) to base 8
-31035650
-22113024 (base 5) to base 7
-1425500
What is -66c6c9 (base 16) in base 2?
-11001101100011011001001
Convert -104293 (base 13) to base 8.
-1347173
Convert -95bd (base 14) to base 9.
-38404
What is -10424003 (base 6) in base 4?
-1030302003
What is -65933c (base 16) in base 9?
-13465405
What is -27743 (base 14) in base 9?
-157631
What is 3847823 (base 9) in base 12?
852663
1025a (base 11) to base 14
563a
Convert 212768 (base 9) to base 2.
11110111100011010
Convert -1140c4 (base 16) to base 5.
-242140232
100333036 (base 8) to base 5
13310424444
Convert -100f15 (base 16) to base 9.
-1873604
What is -4761b (base 12) in base 9?
-155525
What is -1010001001001011 (base 2) in base 4?
-22021023
Convert -2487a35 (base 11) to base 16.
-41d78b
381451 (base 9) to base 3
102201111201
11424021 (base 5) to base 9
174142
2980a8 (base 14) to base 9
2640080
Convert 19798 (base 11) to base 2.
110101110110110
What is -10202401 (base 5) in base 6?
-1452130
What is 22b067 (base 13) in base 7?
10001134
What is -a4784 (base 16) in base 9?
-1236080
What is 50100653 (base 7) in base 2?
1111110001011111000110
42431445 (base 6) to base 9
2312472
What is 9234ba (base 12) in base 2?
1000101110010100001110
What is b1ac17 (base 14) in base 10?
5984293
What is -30959 (base 13) in base 10?
-87278
What is -3022104 (base 5) in base 8?
-136424
What is 25e9da (base 16) in base 12?
9b9aa2
1d7ac6 (base 14) to base 13
2b0a9a
What is 575187 (base 9) in base 8?
1241621
What is 403062 (base 9) in base 14?
62c75
Convert 6121eb (base 15) to base 5.
2140122241
Convert 86374 (base 10) to base 4.
111011212
-b80cca (base 14) to base 10
-6225922
Convert -6355713 (base 8) to base 10.
-1694667
1163325 (base 13) to base 4
110200221111
Convert -3222605 (base 10) to base 3.
-20001201120202
Convert -61efa2 (base 16) to base 5.
-3120341323
213870 (base 9) to base 14
346b3
What is 244515 (base 15) in base 12?
6b869b
What is 1248349 (base 10) in base 12?
502511
What is 2ea07 (base 15) in base 7?
1165345
c829 (base 16) to base 13
1a428
Convert 116652424 (base 7) to base 15.
9b4e5a
What is 3103040441 (base 5) in base 2?
11000000001111101101000
-1367513 (base 8) to base 2
-1011110111101001011
Convert -2133203102 (base 4) to base 12.
-276242
What is -52aba1 (base 12) in base 13?
-368a82
What is 26609a9 (base 11) in base 10?
4598482
56a68 (base 11) to base 16
1422b
2032234 (base 5) to base 10
33444
What is -24542551 (base 7) in base 11?
-1281141
Convert 1401 (base 8) to base 10.
769
Convert 411c7a (base 16) to base 6.
231243122
7718b9 (base 13) to base 2
1010101100001111110111
What is 11032103111 (base 4) in base 9?
2516285
What is -1927b40 (base 12) in base 4?
-110021032200
4b8466 (base 12) to base 4
10232032032
-7ccc4 (base 13) to base 3
-102121102012
What is -120283 (base 10) in base 13?
-42997
Convert 65a98 (base 14) to base 8.
741046
Convert 1992386 (base 10) to base 6.
110412002
Convert -100a99 (base 11) to base 13.
-58b9c
Convert -41201312 (base 6) to base 13.
-32519c
-1d16a3 (base 14) to base 4
-3332032033
What is 2057921 (base 11) in base 7?
42553430
What is -38620 (base 14) in base 7?
-1114340
What is -2503122 (base 6) in base 8?
-403432
What is 3120332 (base 6) in base 14?
3cb96
What is -35a269 (base 14) in base 3?
-10110011001120
23171707 (base 8) to base 4
103033033013
Convert 3533411 (base 7) to base 5.
103223133
What is -11201010021 (base 3) in base 5?
-10431141
-322010 (base 5) to base 3
-112220222
What is -122210022121 (base 3) in base 8?
-1253710
What is -25a32c (base 13) in base 16?
-dda82
398a614 (base 11) to base 10
6895321
Convert a94081 (base 12) to base 14.
4db561
What is -3306453 (base 7) in base 8?
-1430234
-2635407 (base 8) to base 6
-23435235
13a496 (base 12) to base 15
67740
Convert a5277 (base 11) to base 7.
1206130
What is 202122022021122 (base 3) in base 4?
221312011331
Convert 105f0b (base 16) to base 7.
12056003
Convert -2214421 (base 5) to base 2.
-1001011101010000
What is 1130234343 (base 5) in base 8?
11674340
301031203213 (base 4) to base 8
61154347
What is 199225 (base 11) in base 9?
514424
What is 11110010111000011110 (base 2) in base 10?
994846
1210240244 (base 5) to base 10
2821324
-1277ca (base 13) to base 16
-6cad7
114213220 (base 5) to base 10
538560
13133201 (base 5) to base 2
11111110101111010
Convert 1b6ca2 (base 13) to base 8.
2530606
1a302b (base 14) to base 13
267561
Convert -5126757 (base 9) to base 11.
-15a8410
-2637115 (base 8) to base 6
-23443153
Convert -345325003 (base 6) to base 15.
-86bd50
1100111000111000110 (base 2) to base 5
102003332
-286783 (base 9) to base 11
-10aa29
-100000011323 (base 4) to base 2
-10000000000000101111011
What is 11010111001111111110 (base 2) in base 3?
1122210102011
Convert -641931 (base 12) to base 13.
-433924
Convert -53535423 (base 6) to base 4.
-12002220213
-131eec (base 15) to base 4
-3200013231
Convert 1b407a0 (base 12) to base 2.
10110001001110001101000
What is 3014303 (base 5) in base 2?
1011101111001110
Convert 241444322 (base 6) to base 3.
22120211010112
202313130023 (base 4) to base 7
140455112
12017553 (base 8) to base 5
1133120413
2a8677 (base 13) to base 8
3774544
Convert 27a606 (base 11) to base 8.
1530547
-1b687c (base 13) to base 7
-5644053
-624051 (base 7) to base 16
-1a22c
Convert -183234 (base 12) to base 16.
-66988
11134014 (base 5) to base 16
183bb
116801 (base 13) to base 14
ab033
Convert -134311210 (base 6) to base 10.
-2730966
What is 43575 (base 10) in base 8?
125067
Convert -590b0 (base 12) to base 9.
-201656
-1012121010120 (base 3) to base 7
-5311413
What is 1355323 (base 6) in base 7?
442302
What is 122200222112 (base 3) in base 15?
6d39e
Convert -43a14a1 (base 11) to base 9.
-15462658
What is 814293 (base 11) in base 8?
4774055
Convert -122102002220201 (base 3) to base 7.
-141436033
Convert 965a2 (base 11) to base 10.
140472
Convert -822898 (base 11) to base 6.
-44153415
-10120212123 (base 4) to base 3
-2011101121010
Convert 10111001021 (base 3) to base 8.
205720
What is 10001311101 (base 4) in base 8?
4016521
What is -104028 (base 12) in base 3?
-110222212012
What is -151234450 (base 6) in base 7?
-35513160
What is -1177 (base 16) in base 5?
-120341
c432b (base 14) to base 2
1110011011000010011
What is -1355714 (base 9) in base 6?
-23551534
Convert 28abb (base 12) to base 5.
3310004
What is -30151 (base 12) in base 11?
-4298a
67918 (base 13) to base 12
90b67
What is -531239 (base 10) in base 8?
-2015447
2121102211 (base 3) to base 7
302464
-455131520 (base 6) to base 3
-120201220120010
Convert -38864 (base 16) to base 8.
-704144
11011212222000 (base 3) to base 4
20132132031
133133332 (base 4) to base 15
28367
What is -29e987 (base 15) in base 9?
-3724081
What is 212728 (base 10) in base 7?
1544125
What is 18515 (base 11) in base 2?
110010100110110
What is -6341740 (base 8) in base 3?
-10011210020200
Convert -1770a0 (base 14) to base 16.
-c9ae4
What is -11220022211221 (base 3) in base 5?
-1131321412
-1100523 (base 6) to base 11
-38051
Convert -10020010111 (base 3) to base 16.
-f81d
What is -414030110 (base 5) in base 10?
-1705030
125235254 (base 6) to base 10
2493394
What is -14d89b (base 14) in base 9?
-1330730
Convert 10101011001111001001011 (base 2) to base 13.
1215c8a
What is -439a1 (base 14) in base 2?
-100111111111011001
-173977 (base 14) to base 4
-3013123011
What is 20003 (base 13) in base 15?
11dd5
Convert -100033321002 (base 4) to base 7.
-51130026
What is 1011033112 (base 5) in base 4?
13310102011
Convert -122212200221211 (base 3) to base 16.
-90f961
Convert -c92cb (base 16) to base 9.
-1485287
Convert -a0481 (base 11) to base 4.
